 1530 is divided by 355.
110
What is the remainder when 2286 is divided by 383?
371
What is the remainder when 9892 is divided by 140?
92
What is the remainder when 2135 is divided by 563?
446
What is the remainder when 664 is divided by 453?
211
What is the remainder when 1098793 is divided by 53?
50
Calculate the remainder when 38542 is divided by 9634.
6
What is the remainder when 5641 is divided by 109?
82
Calculate the remainder when 40554 is divided by 75.
54
What is the remainder when 11782 is divided by 97?
45
Calculate the remainder when 25315 is divided by 4.
3
What is the remainder when 602 is divided by 274?
54
Calculate the remainder when 835 is divided by 118.
9
What is the remainder when 72823 is divided by 9?
4
Calculate the remainder when 1913535 is divided by 367.
364
Calculate the remainder when 33749 is divided by 279.
269
Calculate the remainder when 13133 is divided by 614.
239
What is the remainder when 13820 is divided by 23?
20
What is the remainder when 152757 is divided by 38189?
1
Calculate the remainder when 980002 is divided by 32.
2
Calculate the remainder when 3153 is divided by 214.
157
What is the remainder when 13100 is divided by 6541?
18
What is the remainder when 33002 is divided by 173?
132
Calculate the remainder when 16277 is divided by 4067.
9
What is the remainder when 6865 is divided by 45?
25
Calculate the remainder when 75671 is divided by 18.
17
What is the remainder when 4652 is divided by 1198?
1058
What is the remainder when 68492 is divided by 133?
130
What is the remainder when 668036 is divided by 534?
2
What is the remainder when 622 is divided by 541?
81
What is the remainder when 2874 is divided by 957?
3
What is the remainder when 1329 is divided by 575?
179
Calculate the remainder when 61 is divided by 6.
1
What is the remainder when 517034 is divided by 163?
161
What is the remainder when 11315 is divided by 26?
5
What is the remainder when 4207 is divided by 271?
142
What is the remainder when 26357 is divided by 55?
12
What is the remainder when 1697077 is divided by 440?
437
What is the remainder when 16705 is divided by 214?
13
Calculate the remainder when 94619 is divided by 592.
491
What is the remainder when 5463 is divided by 1351?
59
Calculate the remainder when 21390 is divided by 2659.
118
What is the remainder when 165959 is divided by 165948?
11
What is the remainder when 2286 is divided by 531?
162
What is the remainder when 2659 is divided by 110?
19
What is the remainder when 8017 is divided by 223?
212
What is the remainder when 8434 is divided by 969?
682
What is the remainder when 39870 is divided by 4981?
22
What is the remainder when 4685 is divided by 4628?
57
What is the remainder when 25498 is divided by 13?
5
Calculate the remainder when 83446 is divided by 9269.
25
What is the remainder when 182592 is divided by 162?
18
Calculate the remainder when 757674 is divided by 13.
8
Calculate the remainder when 6471 is divided by 32.
7
What is the remainder when 776501 is divided by 18058?
7
Calculate the remainder when 175185 is divided by 30.
15
Calculate the remainder when 3694 is divided by 31.
5
What is the remainder when 125694 is divided by 39?
36
Calculate the remainder when 1360 is divided by 340.
0
What is the remainder when 425101 is divided by 163?
160
What is the remainder when 89018 is divided by 12?
2
What is the remainder when 3578 is divided by 3568?
10
What is the remainder when 806217 is divided by 556?
17
What is the remainder when 5809 is divided by 70?
69
Calculate the remainder when 28273 is divided by 18.
13
What is the remainder when 1139294 is divided by 379760?
14
What is the remainder when 85560 is divided by 17111?
5
What is the remainder when 1515058 is divided by 38?
36
What is the remainder when 1029359 is divided by 108?
11
What is the remainder when 11589 is divided by 138?
135
What is the remainder when 105965 is divided by 35223?
296
What is the remainder when 3376 is divided by 54?
28
What is the remainder when 2705 is divided by 66?
65
What is the remainder when 4459 is divided by 275?
59
What is the remainder when 72145 is divided by 14?
3
Calculate the remainder when 109277 is divided by 27314.
21
Calculate the remainder when 19376 is divided by 3863.
61
Calculate the remainder when 7194 is divided by 59.
55
What is the remainder when 231934 is divided by 16?
14
What is the remainder when 2275 is divided by 74?
55
What is the remainder when 31004 is divided by 53?
52
What is the remainder when 123222 is divided by 159?
156
Calculate the remainder when 83848 is divided by 830.
18
Calculate the remainder when 92762 is divided by 3.
2
Calculate the remainder when 12529766 is divided by 330.
326
What is the remainder when 154506 is divided by 144?
138
Calculate the remainder when 13157007 is divided by 213.
210
Calculate the remainder when 2165 is divided by 1079.
7
What is the remainder when 582 is divided by 255?
72
What is the remainder when 2897 is divided by 221?
24
Calculate the remainder when 354902 is divided by 118296.
14
Calculate the remainder when 41316 is divided by 3175.
41
Calculate the remainder when 564329 is divided by 68.
65
What is the remainder when 1833 is divided by 12?
9
Calculate the remainder when 3703 is divided by 411.
4
What is the remainder when 1883 is divided by 624?
11
Calculate the remainder when 2866 is divided by 12.
10
Calculate the remainder when 69231 is divided by 13842.
21
Calculate the remainder when 32753 is divided by 184.
1
What is the remainder when 12706 is divided by 36?
34
Calculate the remainder when 4238 is divided by 118.
108
What is the remainder when 1069 is divided by 92?
57
What is the remainder when 631 is divided by 120?
31
What is the remainder when 2187 is divided by 1504?
683
What is the remainder when 4288 is divided by 4280?
8
Calculate the remainder when 2554 is divided by 881.
792
What is the remainder when 1821 is divided by 131?
118
What is the remainder when 19384 is divided by 405?
349
What is the remainder when 54470 is divided by 301?
290
Calculate the remainder when 413037 is divided by 1886.
3
Calculate the remainder when 570303 is divided by 152.
151
What is the remainder when 5748 is divided by 950?
48
What is the remainder when 18590 is divided by 1430?
0
What is the remainder when 4733 is divided by 1575?
8
Calculate the remainder when 1987467 is divided by 10.
7
Calculate the remainder when 7483 is divided by 93.
43
Calculate the remainder when 14499 is divided by 148.
143
What is the remainder when 111632 is divided by 84?
80
What is the remainder when 49582 is divided by 1419?
1336
Calculate the remainder when 1119788 is divided by 569.
565
What is the remainder when 5009 is divided by 1002?
1001
Calculate the remainder when 2720 is divided by 1352.
16
What is the remainder when 1455 is divided by 966?
489
Calculate the remainder when 176 is divided by 26.
20
What is the remainder when 1005 is divided by 113?
101
What is the remainder when 69393 is divided by 93?
15
What is the remainder when 9043 is divided by 3002?
37
Calculate the remainder when 16024 is divided by 147.
1
What is the remainder when 36103 is divided by 314?
307
What is the remainder when 2252 is divided by 344?
188
What is the remainder when 12134 is divided by 12128?
6
What is the remainder when 120322 is divided by 60132?
58
What is the remainder when 9699 is divided by 106?
53
Calculate the remainder when 589857 is divided by 15.
12
What is the remainder when 584 is divided by 358?
226
Calculate the remainder when 29580 is divided by 197.
30
What is the remainder when 46080 is divided by 518?
496
What is the remainder when 26315 is divided by 1644?
11
Calculate the remainder when 29840 is divided by 5.
0
What is the remainder when 52083 is divided by 38?
23
Calculate the remainder when 17489 is divided by 1372.
1025
Calculate the remainder when 553238 is divided by 89.
14
Calculate the remainder when 5930 is divided by 172.
82
Calculate the remainder when 4581 is divided by 9.
0
What is the remainder when 15161 is divided by 112?
41
Calculate the remainder when 10222 is divided by 1460.
2
What is the remainder when 15271 is divided by 347?
3
Calculate the remainder when 353 is 